= 2*k**3 - 2*k**2 + 23*k + 1. What is o(0)?
1
Let d(v) = -v**2 + 72*v + 865. What is d(-10)?
45
Let j(m) = -114*m + 6263. Determine j(55).
-7
Let j(x) = 15*x - 450. Determine j(30).
0
Let t(h) = h**3 + 3*h**2 - 5*h - 22. Determine t(-8).
-302
Let t(y) = y**3 - 75*y**2 - y + 75. Give t(75).
0
Let q(d) = 232*d - 730. Determine q(3).
-34
Let p(k) = -k**2 + 70*k + 92. What is p(72)?
-52
Let k(w) = w**3 - 15*w**2 + 69*w - 542. Calculate k(12).
-146
Let s(t) = 40*t**2 + 3197*t - 237. Determine s(-80).
3
Let c(a) = 32*a - 1548. Determine c(51).
84
Let r(u) = u**3 + 45*u**2 - 144*u + 10. Calculate r(-48).
10
Let s(c) = -c**3 + 3*c**2 + 53*c - 54. Determine s(8).
50
Let i(b) = -461*b - 1381. What is i(-3)?
2
Let g(i) = 17*i**2 - i - 37. Calculate g(0).
-37
Let r(n) = -n**3 - 9*n**2 - 26*n - 95. What is r(-7)?
-11
Let i(f) = -f - 256. Give i(0).
-256
Let a(d) = d**3 - 144*d**2 + 1208*d + 943. Give a(135).
-2
Let s(v) = -7*v**2 + 40*v + 20. Determine s(6).
8
Let r(t) = 246*t - 404. Determine r(1).
-158
Let p(t) = -14*t + 1499. Give p(105).
29
Let z(j) = 5*j**2 - 37*j + 22. Calculate z(5).
-38
Let c(p) = -422*p - 13071. What is c(-31)?
11
Let u(g) = g**3 - 19*g**2 - 117*g - 38. Calculate u(24).
34
Let d(u) = 2*u**3 - 9*u**2 - 63*u + 25. Determine d(-4).
5
Let b(h) = -30*h + 507. Calculate b(17).
-3
Let z(w) = 10*w**2 - 5*w + 29. What is z(4)?
169
Let y(i) = i**3 - 51*i**2 + 57*i - 537. Give y(50).
-187
Let d(w) = -4*w + 300. What is d(96)?
-84
Let t(f) = 268*f + 6404. What is t(-24)?
-28
Let y(x) = 3*x**2 + 96*x - 1169. What is y(-41)?
-62
Let o(l) = -l**2 + 29*l + 6171. Give o(-65).
61
Let f(q) = -2*q**2 + 21*q + 68. Calculate f(13).
3
Let r(s) = -4099*s + 127065. Give r(31).
-4
Let m(c) = c**2 + 95*c + 646. Calculate m(-85).
-204
Let a(g) = 6*g**2 - 36*g - 5. Determine a(6).
-5
Let f(t) = -14*t**2 + 630*t - 630. Give f(1).
-14
Let h(w) = w**2 - 47*w + 498. Determine h(31).
2
Let u(t) = -2*t**2 - 19*t + 20. Give u(-14).
-106
Let i(l) = -9*l - 309. What is i(-3)?
-282
Let w(l) = 318*l - 21694. Calculate w(68).
-70
Let r(j) = j**2 - 31*j + 232. Calculate r(19).
4
Let b(m) = -1436*m + 28717. Determine b(20).
-3
Let w(f) = -181*f + 18815. Give w(104).
-9
Let w(c) = -209*c + 5602. What is w(27)?
-41
Let y(w) = -45*w - 3647. Give y(-81).
-2
Let b(u) = 8*u**2 - 3*u - 31. Give b(-4).
109
Let a(m) = 15*m - 218. What is a(15)?
7
Let d(a) = -45*a**2 - 49*a - 2. Calculate d(-1).
2
Let t(c) = 2*c**3 - 76*c**2 - 157*c - 96. Give t(40).
24
Let x(t) = -125*t**2 - 7*t + 6. Determine x(1).
-126
Let u(o) = -o**3 - 31*o**2 - 240*o - 69. What is u(-14)?
-41
Let m(f) = 5*f**2 - 419*f + 841. What is m(2)?
23
Let m(k) = -k**3 - 77*k**2 + 161*k + 147. What is m(-79)?
-90
Let t(p) = -p - 260. Calculate t(43).
-303
Let b(h) = h**3 - 102*h**2 + 201*h - 221. Calculate b(100).
-121
Let x(m) = -m**3 - 10*m**2 + 27*m + 133. Determine x(-11).
-43
Let f(a) = -27*a - 119. What is f(-6)?
43
Let p(d) = 4095*d - 57327. Determine p(14).
3
Let f(t) = -t**3 + 20*t**2 + 5*t - 104. Give f(20).
-4
Let b(p) = p**2 - p - 22. Determine b(-4).
-2
Let a(k) = -1723*k + 5174. Determine a(3).
5
Let x(d) = 2*d**3 + 6*d**2 - 7*d - 16. Calculate x(-6).
-190
Let x(f) = 5*f + 55. Give x(0).
55
Let v(k) = 2*k**2 - 10*k - 508. Calculate v(-14).
24
Let k(n) = -9*n**2 - 593*n + 71. Calculate k(-66).
5
Let s(x) = x**2 - 13*x + 40. What is s(3)?
10
Let j(g) = -65*g + 4951. Determine j(76).
11
Let l(i) = -10*i**3 - 19*i**2 + 26*i - 3. Calculate l(2).
-107
Let c(p) = -33*p - 39. Give c(-4).
93
Let w(h) = 12*h**3 - 4*h**2 - 3. Calculate w(-1).
-19
Let k(q) = q**3 - 16*q**2 - 9*q + 8. Determine k(16).
-136
Let p(r) = 171*r - 2973. Give p(16).
-237
Let o(k) = 165*k**3 - 6*k**2 + 5*k + 1. Determine o(1).
165
Let n(t) = -2*t**3 - 161*t**2 - 691*t - 508. What is n(-76)?
24
Let o(j) = j**3 + 9*j**2 - 15*j - 6. Calculate o(-12).
-258
Let r(w) = -13*w**2 - 10*w - 16. Give r(-2).
-48
Let u(y) = y**2 - 716*y + 29569. Determine u(44).
1
Let z(u) = 2*u**2 + 100*u - 119. What is z(-51)?
-17
Let q(y) = -335*y - 640. Determine q(-2).
30
Let t(q) = -q**3 - q**2 + 2*q + 5. Give t(3).
-25
Let x(o) = -o**3 + 4*o**2 - o + 9. What is x(7)?
-145
Let r(f) = -f**2 - 27*f + 126. What is r(5)?
-34
Let m(d) = 2*d**2 - 201*d + 1967. Calculate m(11).
-2
Let f(q) = q**2 + 208*q - 3820. What is f(17)?
5
Let i(v) = -2*v**3 + 87*v**2 + 36*v + 346. Calculate i(44).
-6
Let k(u) = 3*u**2 + 36*u - 5973. Give k(39).
-6
Let p(b) = b**2 + 9*b - 54. Determine p(7).
58
Let d(g) = -g**3 - 66*g**2 - 60*g + 267. Determine d(-65).
-58
Let o(b) = b**3 + 138*b**2 - 865*b. Determine o(6).
-6
Let f(u) = u**3 - 15*u**2 + 47*u - 52. What is f(10)?
-82
Let y(b) = -260*b - 96. Calculate y(-1).
164
Let k(w) = 280*w - 276. Calculate k(1).
4
Let v(m) = -2*m**3 - 152*m**2 - 162*m - 898. Give v(-75).
2
Let b(s) = s**2 + 25*s - 131. What is b(5)?
19
Let y(s) = -s**3 - 103*s**2 - 1179*s - 93. Determine y(-13).
24
Let r(k) = -229*k - 51. Calculate r(0).
-51
Let t(o) = 539*o + 31279. Give t(-58).
17
Let j(p) = -2*p**3 - 96*p**2 + 8*p + 388. Calculate j(-48).
4
Let a(g) = -g**3 + 5*g**2 + 7*g + 19. Calculate a(7).
-30
Let m(j) = -j**3 - 22*j**2 + 409*j + 75. Give m(-34).
41
Let h(a) = -2*a**3 + 102*a**2 - 2*a + 172. Give h(51).
70
Let l(v) = -23*v + 1047. Determine l(44).
35
Let d(t) = 2*t**3 - 10*t**2 - 8*t + 46. Calculate d(5).
6
Let p(s) = -s**3 - 26*s**2 + 16*s - 362. Determine p(-27).
-65
Let g(f) = 5*f**2 - 60*f + 25. Calculate g(13).
90
Let n(s) = 11*s**2 + 145*s - 41. Give n(-13).
-67
Let o(a) = a**3 + 6*a**2 + 5*a - 17. What is o(-5)?
-17
Let x(j) = j**3 - 27*j**2 + 106*j - 317. Give x(23).
5
Let m(k) = -15*k - 107. Calculate m(-7).
-2
Let d(p) = -p**3 + 12*p**2 + 25*p - 136. Determine d(13).
20
Let o(l) = l**2 + 63*l - 5325. Give o(-111).
3
Let q(o) = -718*o + 23687. Calculate q(33).
-7
Let i(u) = -u**2 - 56*u - 597. What is i(-42)?
-9
Let w(c) = 2*c**2 - 30*c + 14. What is w(7)?
-98
Let c(k) = 2*k**2 + 145*k - 470. What is c(-76)?
62
Let y(j) = 28*j + 1376. Determine y(-47).
60
Let c(y) = -y**3 - 8*y**2 + y - 118. Give c(-10).
72
Let n(s) = -3*s**3 - 81*s**2 - 13*s - 346. What is n(-27)?
5
Let f(z) = -z**3 - 5*z**2 - 9*z - 58. Determine f(-5).
-13
Let b(s) = 10*s**2 + 4*s - 7. What is b(-5)?
223
Let x(n) = -7*n**3 - 173*n**2 + 34*n + 67. What is x(-25)?
467
Let u(n) = -3*n**2 - 917*n - 916. Determine u(-1).
-2
Let a(w) = -w**3 - 10*w**2 + 13*w - 73. What is a(-11)?
-95
Let h(i) = -i**3 + 29*i**2 + 93*i + 87. Determine h(32).
-9
Let b(t) = 115*t - 4241. Give b(37).
14
Let v(o) = -16*o - 86. Calculate v(1).
-102
Let p(r) = -8*r**2 - 5*r - 2. Give p(-4).
-110
Let b(p) = 20*p + 17. Determine b(-2).
-23
Let u(r) = -3*r**2 + 216*r - 329. Calculate u(71).
-116
Let p(w) = -39*w - 942. Determine p(-24).
-6
Let k(q) = 20*q**2 + 206*q - 2438. What is k(7)?
-16
Let h(i) = -475*i - 984. Calculate h(-2).
-34
Let v(g) = -180*g**2 - 34*g - 33. What is v(-1)?
-179
Let u(p) = -4*p**2 - 110*p + 85. Give u(-27).
139
Let j(a) = 645*a - 3806. What is j(6)?
64
Let r(p) = 10*p + 338. What is r(-35)?
-12
Let l(a) = a**2 + 102*a + 187. Give l(-100).
-13
Let r(u) = u**2 + 68*u + 731. What is r(-53)?
-64
Let z(g) = g**2 - 21*g - 84. Determine z(20).
-104
Let z(b) = 20*b**3 - 2*b**2 + 19*b - 72. What is z(3)?
507
Let j(b) = -3*b**2 + 2*b + 938. What is j(18)?
2
Let m(k) = 472*k - 2. Give m(1).
470
Let c(a) = a**2 - 3766*a - 299827. Determine c(-78).
5
Let j(a) = 2*a**2 + 1989*a + 11914. Determine j(-6).
52
Let l(i) = 111*i + 13542. Determine l(-122).
0
Let t(f) = -f**2 + 18*f + 79. Give t(23).
-36
Let b(s) = 5*s**3 - 100*s**2 + 78*s + 326. Determine b(19).
3
Let d(q) = 5*q**2 - 239*q + 451. What is d(46)?
37
Let w(u) = -53*u + 1574. Determine w(30).
-16
Let x(f) = 173*f + 1196. Give x(-7).
-15
Let v(f) = -f**3 + 11*f**2 - 32*f + 64. Give v(6).
52
Let t(v) = -5*v**2 - 4*v + 220. What is t(6)?
16
Let p(t) = -t - 23. What is p(-27)?
4
Let r(o) = 434*o - 2225. What is r(5)?
-55
Let v(o) = 2*o**3 - 59*o**2 - 35*o + 40. Give v(30).
-110
Let t(d) = 54*d**2 - 61*d - 277. Determine t(-4).
831
Let r(k) = 3*k**2 + 76*k + 1. Determine r(-23).
-160
Let s(n) = 8*n**3 + 41*n**2 + n + 16. Determine s(-5).
36
Let s(i) = -219*i + 2201. Determine s(10).
11
Let o(t) = -190*t + 1. What is o(1)?
-189
Let n(d) = 4*d*